{"id":2510,"date":"2018-01-07T22:57:11","date_gmt":"2018-01-07T22:57:11","guid":{"rendered":"http:\/\/afamac.com.ar\/catalogo\/?page_id=2510"},"modified":"2024-02-12T19:58:06","modified_gmt":"2024-02-12T22:58:06","slug":"sector","status":"publish","type":"page","link":"https:\/\/afamac.com.ar\/catalogo\/sector\/","title":{"rendered":"Sector"},"content":{"rendered":"<p><div class=\"fusion-fullwidth fullwidth-box fusion-builder-row-1 hundred-percent-fullwidth non-hundred-percent-height-scrolling\" style=\"--awb-border-radius-top-left:0px;--awb-border-radius-top-right:0px;--awb-border-radius-bottom-right:0px;--awb-border-radius-bottom-left:0px;--awb-flex-wrap:wrap;\" ><div class=\"fusion-builder-row fusion-row\"><div class=\"fusion-layout-column fusion_builder_column fusion-builder-column-0 fusion_builder_column_1_1 1_1 fusion-one-full fusion-column-first fusion-column-last\" style=\"--awb-bg-size:cover;\"><div class=\"fusion-column-wrapper fusion-flex-column-wrapper-legacy\"><div class=\"fusion-sep-clear\"><\/div><div class=\"fusion-separator fusion-full-width-sep\" style=\"margin-left: auto;margin-right: auto;margin-top:0px;margin-bottom:20px;width:100%;max-width:100%;\"><div class=\"fusion-separator-border sep-single sep-solid\" style=\"--awb-height:20px;--awb-amount:20px;border-color:#eae8e8;border-top-width:1px;\"><\/div><\/div><div class=\"fusion-sep-clear\"><\/div><div class=\"fusion-clearfix\"><\/div><\/div><\/div><\/div><\/div><div class=\"fusion-fullwidth fullwidth-box fusion-builder-row-2 hundred-percent-fullwidth non-hundred-percent-height-scrolling\" style=\"--awb-border-radius-top-left:0px;--awb-border-radius-top-right:0px;--awb-border-radius-bottom-right:0px;--awb-border-radius-bottom-left:0px;--awb-padding-top:5px;--awb-padding-bottom:5px;--awb-flex-wrap:wrap;\" ><div class=\"fusion-builder-row fusion-row\"><div class=\"fusion-layout-column fusion_builder_column fusion-builder-column-1 fusion_builder_column_1_5 1_5 fusion-one-fifth fusion-column-first\" style=\"--awb-bg-size:cover;width:20%;width:calc(20% - ( ( 4% + 4% ) * 0.2 ) );margin-right: 4%;\"><div class=\"fusion-column-wrapper fusion-flex-column-wrapper-legacy\"><div class=\"fusion-widget-area awb-widget-area-element fusion-widget-area-1 fusion-content-widget-area\" style=\"--awb-title-size:18px;--awb-title-color:#333333;--awb-padding:0px 0px 0px 0px;\"><div id=\"nav_menu-2\" class=\"widget widget_nav_menu\"><div class=\"menu-afamac-lateral-container\"><ul id=\"menu-afamac-lateral\" class=\"menu\"><li id=\"menu-item-2632\" class=\"menu-item menu-item-type-post_type menu-item-object-page menu-item-2632\"><a href=\"https:\/\/afamac.com.ar\/catalogo\/afamac-3\/\">SOBRE AFAMAC<\/a><\/li>\n<li id=\"menu-item-2628\" class=\"menu-item menu-item-type-post_type menu-item-object-page menu-item-2628\"><a href=\"https:\/\/afamac.com.ar\/catalogo\/sector\/\">SECTOR<\/a><\/li>\n<\/ul><\/div><\/div><div class=\"fusion-additional-widget-content\"><\/div><\/div><div class=\"fusion-image-element in-legacy-container\" style=\"--awb-caption-title-font-family:var(--h2_typography-font-family);--awb-caption-title-font-weight:var(--h2_typography-font-weight);--awb-caption-title-font-style:var(--h2_typography-font-style);--awb-caption-title-size:var(--h2_typography-font-size);--awb-caption-title-transform:var(--h2_typography-text-transform);--awb-caption-title-line-height:var(--h2_typography-line-height);--awb-caption-title-letter-spacing:var(--h2_typography-letter-spacing);\"><span class=\" fusion-imageframe imageframe-none imageframe-1 hover-type-none\"><img decoding=\"async\" width=\"500\" height=\"500\" alt=\"Distribuci\u00f3n de los asociados AFAMAC\" title=\"Distribucion-socios\" src=\"https:\/\/afamac.com.ar\/catalogo\/wp-content\/uploads\/2018\/01\/Distribucion-socios.jpg\" class=\"img-responsive wp-image-2519\" srcset=\"https:\/\/afamac.com.ar\/catalogo\/wp-content\/uploads\/2018\/01\/Distribucion-socios-200x200.jpg 200w, https:\/\/afamac.com.ar\/catalogo\/wp-content\/uploads\/2018\/01\/Distribucion-socios-400x400.jpg 400w, https:\/\/afamac.com.ar\/catalogo\/wp-content\/uploads\/2018\/01\/Distribucion-socios.jpg 500w\" sizes=\"(max-width: 800px) 100vw, 400px\" \/><\/span><\/div><div class=\"fusion-clearfix\"><\/div><\/div><\/div><div class=\"fusion-layout-column fusion_builder_column fusion-builder-column-2 fusion_builder_column_2_5 2_5 fusion-two-fifth\" style=\"--awb-bg-size:cover;width:40%;width:calc(40% - ( ( 4% + 4% ) * 0.4 ) );margin-right: 4%;\"><div class=\"fusion-column-wrapper fusion-flex-column-wrapper-legacy\"><div class=\"fusion-text fusion-text-1\"><h2 style=\"text-align: left;\">SECTOR<\/h2>\n<\/div><div class=\"fusion-text fusion-text-2\"><p>La provincia de C\u00f3rdoba es una de las principales productoras de maquinaria agr\u00edcola y agrocomponentes de la Argentina. El sector aporta aproximadamente el 7,4% del valor agregado industrial de la Provincia, configurando uno de los segmentos m\u00e1s relevantes.<\/p>\n<p>La mayor\u00eda de las empresas fabricantes de maquinaria agr\u00edcola y agropartes\u00a0se localiza en el interior, principalmente en los departamentos San Justo, Marcos Ju\u00e1rez y Uni\u00f3n; cerca de los centros de mayor producci\u00f3n agropecuaria.<\/p>\n<\/div><div class=\"fusion-text fusion-text-3\"><p>El 54% de las empresas son agropartistas, el 36% produce maquinaria agr\u00edcola y el 10% fabrica tanto maquinaria como agrocomponentes. Predominan las empresas familiares, de capitales nacionales.<\/p>\n<p>Las plantas fabriles presentan diferentes superficies cubiertas y cuentan con tecnolog\u00eda de punta.<\/p>\n<\/div><div class=\"fusion-text fusion-text-4\"><p>El 41% de empresas tiene entre 6 y 20 empleados, el 31% hasta 5 empleados, el 18% posee entre 21 y 50 empleados, el 5% entre 51 y 100 personas y el resto, m\u00e1s de 100. C\u00f3rdoba explica cerca del 40%de los puestos de trabajo de la actividad a nivel nacional.<\/p>\n<\/div><div class=\"fusion-clearfix\"><\/div><\/div><\/div><div class=\"fusion-layout-column fusion_builder_column fusion-builder-column-3 fusion_builder_column_2_5 2_5 fusion-two-fifth fusion-column-last\" style=\"--awb-bg-size:cover;width:40%;width:calc(40% - ( ( 4% + 4% ) * 0.4 ) );\"><div class=\"fusion-column-wrapper fusion-flex-column-wrapper-legacy\"><div class=\"fusion-text fusion-text-5\"><h2 style=\"text-align: left;\"><span style=\"color: #808080;\">SECTOR<\/span><\/h2>\n<\/div><div class=\"fusion-text fusion-text-6\"><p><span style=\"color: #808080;\">The province of C\u00f3rdoba is one of the most important producer of agricultural machinery and agrocomponents of Argentina. The sector contributes approximately 7.4% of the industrial value added of the Province, forming one of the most important segments.<\/span><\/p>\n<p><span style=\"color: #808080;\">The majority of the companies that manufacture agricultural machinery and agroparts are located in the inland, mainly in the departments of San Justo, Marcos Ju\u00e1rez and Uni\u00f3n; near the centers of greater agricultura production.\u00a0<\/span><\/p>\n<\/div><div class=\"fusion-text fusion-text-7\"><p><span style=\"color: #808080;\">54% of the companies manufacture agroparts, 36% produce agricultural machinery and 10% manufacture both machinery and agrocomponents. Family businesses dominate, with national capitals. <\/span><\/p>\n<p><span style=\"color: #808080;\">The manufacturing plants have different covered surfaces and have cutting-edge technology. <\/span><\/p>\n<\/div><div class=\"fusion-text fusion-text-8\"><p><span style=\"color: #808080;\">41% of companies have between 6 and 20 employees, 31% up to 5 employees, 18% have between 21 and 50 employees, 5% between 51 and 100 people and the rest, more than 100. C\u00f3rdoba explains for about 40% of jobs in the activity nacionwide.<\/span><\/p>\n<\/div><div class=\"fusion-clearfix\"><\/div><\/div><\/div><div class=\"fusion-layout-column fusion_builder_column fusion-builder-column-4 fusion_builder_column_1_5 1_5 fusion-one-fifth fusion-column-first\" style=\"--awb-bg-size:cover;width:20%;width:calc(20% - ( ( 4% + 4% ) * 0.2 ) );margin-right: 4%;\"><div class=\"fusion-column-wrapper fusion-flex-column-wrapper-legacy\"><div class=\"fusion-clearfix\"><\/div><\/div><\/div><div class=\"fusion-layout-column fusion_builder_column fusion-builder-column-5 fusion_builder_column_2_5 2_5 fusion-two-fifth\" style=\"--awb-bg-size:cover;width:40%;width:calc(40% - ( ( 4% + 4% ) * 0.4 ) );margin-right: 4%;\"><div class=\"fusion-column-wrapper fusion-flex-column-wrapper-legacy\"><div class=\"fusion-text fusion-text-9\"><p>Durante 2023 el empleo, las inversiones y la producci\u00f3n del sector siguieron en buenos niveles aunque por razones clim\u00e1ticas y coyunturales se empez\u00f3 a ver una merma en el nivel de ventas hacia fin de a\u00f1o.<\/p>\n<p>La producci\u00f3n industrial incluye todos los segmentos: sembradoras, tractores, cosechadoras, acoplados, cabezales de cosecha, pulverizadoras, tolvas, fertilizadoras, enfardadoras, rotoenfardadoras, mixers, equipos de labranza, agropartes met\u00e1licas y electr\u00f3nicas, entre otros rubros.<\/p>\n<\/div><div class=\"fusion-clearfix\"><\/div><\/div><\/div><div class=\"fusion-layout-column fusion_builder_column fusion-builder-column-6 fusion_builder_column_2_5 2_5 fusion-two-fifth fusion-column-last\" style=\"--awb-bg-size:cover;width:40%;width:calc(40% - ( ( 4% + 4% ) * 0.4 ) );\"><div class=\"fusion-column-wrapper fusion-flex-column-wrapper-legacy\"><div class=\"fusion-text fusion-text-10\"><p><span style=\"color: #808080;\">During 2023, employment, investment and production in the sector continued at good levels, although for climatic and circumstancial reasons the leve lof sales began to drop towards the end of the year.\u00a0<\/span><\/p>\n<p><span style=\"color: #808080;\">The industrial production includes all segments: seeders, tractors, harvesters, trailers, harvest heads,\u00a0<\/span><span style=\"color: #808080;\">sprayers, hoppers,\u00a0<\/span><span style=\"color: #808080;\">fertilizers, balers, rotary balers,\u00a0<\/span><span style=\"color: #808080;\">mixers, tillage equipment,\u00a0<\/span><span style=\"color: #808080;\">metal and electronic agro parts, among other \u00edtems.<\/span><\/p>\n<\/div><div class=\"fusion-clearfix\"><\/div><\/div><\/div><div class=\"fusion-layout-column fusion_builder_column fusion-builder-column-7 fusion_builder_column_1_5 1_5 fusion-one-fifth fusion-column-first\" style=\"--awb-bg-size:cover;width:20%;width:calc(20% - ( ( 4% + 4% ) * 0.2 ) );margin-right: 4%;\"><div class=\"fusion-column-wrapper fusion-flex-column-wrapper-legacy\"><div class=\"fusion-clearfix\"><\/div><\/div><\/div><div class=\"fusion-layout-column fusion_builder_column fusion-builder-column-8 fusion_builder_column_2_5 2_5 fusion-two-fifth\" style=\"--awb-bg-size:cover;width:40%;width:calc(40% - ( ( 4% + 4% ) * 0.4 ) );margin-right: 4%;\"><div class=\"fusion-column-wrapper fusion-flex-column-wrapper-legacy\"><div class=\"fusion-text fusion-text-11\"><p>C\u00f3rdoba aporta alrededor de 30% de las exportaciones de maquinarias y agrocomponentes de Argentina. Las principales compa\u00f1\u00edas del sector cuentan con una larga trayectoria en comercio exterior. Actualmente, las m\u00e1quinas se exportan a los cinco continentes.<\/p>\n<\/div><div class=\"fusion-clearfix\"><\/div><\/div><\/div><div class=\"fusion-layout-column fusion_builder_column fusion-builder-column-9 fusion_builder_column_2_5 2_5 fusion-two-fifth fusion-column-last\" style=\"--awb-bg-size:cover;width:40%;width:calc(40% - ( ( 4% + 4% ) * 0.4 ) );\"><div class=\"fusion-column-wrapper fusion-flex-column-wrapper-legacy\"><div class=\"fusion-text fusion-text-12\"><p><span style=\"color: #808080;\">C\u00f3rdoba contributes around 30% of the exports of machinery and agro parts of Argentina. The main companies in the sector have a broad experience in foreing trade. Currently, the machines are exported to five continents.<\/span><\/p>\n<\/div><div class=\"fusion-clearfix\"><\/div><\/div><\/div><\/div><\/div><\/p>\n","protected":false},"excerpt":{"rendered":"","protected":false},"author":5,"featured_media":0,"parent":0,"menu_order":0,"comment_status":"closed","ping_status":"closed","template":"100-width.php","meta":{"footnotes":""},"class_list":["post-2510","page","type-page","status-publish","hentry"],"_links":{"self":[{"href":"https:\/\/afamac.com.ar\/catalogo\/wp-json\/wp\/v2\/pages\/2510","targetHints":{"allow":["GET"]}}],"collection":[{"href":"https:\/\/afamac.com.ar\/catalogo\/wp-json\/wp\/v2\/pages"}],"about":[{"href":"https:\/\/afamac.com.ar\/catalogo\/wp-json\/wp\/v2\/types\/page"}],"author":[{"embeddable":true,"href":"https:\/\/afamac.com.ar\/catalogo\/wp-json\/wp\/v2\/users\/5"}],"replies":[{"embeddable":true,"href":"https:\/\/afamac.com.ar\/catalogo\/wp-json\/wp\/v2\/comments?post=2510"}],"version-history":[{"count":30,"href":"https:\/\/afamac.com.ar\/catalogo\/wp-json\/wp\/v2\/pages\/2510\/revisions"}],"predecessor-version":[{"id":5125,"href":"https:\/\/afamac.com.ar\/catalogo\/wp-json\/wp\/v2\/pages\/2510\/revisions\/5125"}],"wp:attachment":[{"href":"https:\/\/afamac.com.ar\/catalogo\/wp-json\/wp\/v2\/media?parent=2510"}],"curies":[{"name":"wp","href":"https:\/\/api.w.org\/{rel}","templated":true}]}}